{"id":1601,"date":"2020-05-02T22:03:00","date_gmt":"2020-05-02T22:03:00","guid":{"rendered":"http:\/\/regese.ch\/wordpress\/?page_id=1601"},"modified":"2026-02-15T16:32:28","modified_gmt":"2026-02-15T15:32:28","slug":"neue-startseite","status":"publish","type":"page","link":"https:\/\/regese.ch\/fussball\/","title":{"rendered":"Der Ball rollt und die Kamera klickt!"},"content":{"rendered":"\n<p><strong>Amateurfussball und Fotografie sind meine Leidenschaften. <\/strong><br>In meiner Jugendzeit hat mich meine analoge Minolta XG \u00fcberall hin begleitet. Ich habe haupts\u00e4chlich Bilder von meinen Ferienreisen geschossen. Sp\u00e4ter begleitete mich meine erste Digitalkompaktkamera an die Spiele meiner beiden Jungs, immer auf der Suche nach dem packenden Schnappschuss. Heute bin ich begeisterter Fussballfotograf und besuche die meisten Spiele meines Lieblingsvereins FC Kreuzlingen 05. Mein Ziel bleibt, stimmungsvolle Fotos zu schiessen. Nicht nur, wenn der Ball gerade rollt. Wenn es klickt macht, dann war das vermutlich meine Canon R6, mit welcher ich rundum zufrieden bin.<\/p>\n\n\n\n<p><\/p>\n\n\n<ul class=\"wp-block-latest-posts__list has-dates wp-block-latest-posts\"><li><div class=\"wp-block-latest-posts__featured-image\"><img loading=\"lazy\" decoding=\"async\" width=\"300\" height=\"200\" src=\"https:\/\/regese.ch\/fussball\/wp-content\/uploads\/2026\/04\/FCK05-FCBulle_19-04-26-32-300x200.jpg\" class=\"attachment-medium size-medium wp-post-image\" alt=\"\" style=\"\" srcset=\"https:\/\/regese.ch\/fussball\/wp-content\/uploads\/2026\/04\/FCK05-FCBulle_19-04-26-32-300x200.jpg 300w, https:\/\/regese.ch\/fussball\/wp-content\/uploads\/2026\/04\/FCK05-FCBulle_19-04-26-32-150x100.jpg 150w, https:\/\/regese.ch\/fussball\/wp-content\/uploads\/2026\/04\/FCK05-FCBulle_19-04-26-32-768x512.jpg 768w, https:\/\/regese.ch\/fussball\/wp-content\/uploads\/2026\/04\/FCK05-FCBulle_19-04-26-32-1536x1024.jpg 1536w, https:\/\/regese.ch\/fussball\/wp-content\/uploads\/2026\/04\/FCK05-FCBulle_19-04-26-32-128x85.jpg 128w, https:\/\/regese.ch\/fussball\/wp-content\/uploads\/2026\/04\/FCK05-FCBulle_19-04-26-32-32x21.jpg 32w, https:\/\/regese.ch\/fussball\/wp-content\/uploads\/2026\/04\/FCK05-FCBulle_19-04-26-32.jpg 2000w\" sizes=\"auto, (max-width: 300px) 100vw, 300px\" \/><\/div><a class=\"wp-block-latest-posts__post-title\" href=\"https:\/\/regese.ch\/fussball\/fck-05-fc-bulle-meisterschaft-19-04-26\/\">FCK 05 &#8211; FC Bulle &#8211; Meisterschaft 19-04-26<\/a><time datetime=\"2026-04-19T11:33:56+02:00\" class=\"wp-block-latest-posts__post-date\">19\/04\/2026<\/time><div class=\"wp-block-latest-posts__post-excerpt\">Zum Abschluss der englischen Woche empfangen wir heute den FC Bulle. Die letzten Auftritte des Teams zeugen von einer soliden Mannschaft. Wenn unsere Jungs an die gute Leistung vom Mittwoch gegen die U21 des FC Z\u00fcrich ankn\u00fcpfen k\u00f6nnen, sollten trotzdem Punkte m\u00f6glich sein! Rund 480 Zuschauer fanden den Weg in die &#8230; <a title=\"FCK 05 &#8211; FC Bulle &#8211; Meisterschaft 19-04-26\" class=\"read-more\" href=\"https:\/\/regese.ch\/fussball\/fck-05-fc-bulle-meisterschaft-19-04-26\/\" aria-label=\"Read more about FCK 05 &#8211; FC Bulle &#8211; Meisterschaft 19-04-26\">Read more<\/a><\/div><\/li>\n<li><div class=\"wp-block-latest-posts__featured-image\"><img loading=\"lazy\" decoding=\"async\" width=\"300\" height=\"200\" src=\"https:\/\/regese.ch\/fussball\/wp-content\/uploads\/2026\/04\/FCZ-U21-FCK05_15-04-26-12-300x200.jpg\" class=\"attachment-medium size-medium wp-post-image\" alt=\"\" style=\"\" srcset=\"https:\/\/regese.ch\/fussball\/wp-content\/uploads\/2026\/04\/FCZ-U21-FCK05_15-04-26-12-300x200.jpg 300w, https:\/\/regese.ch\/fussball\/wp-content\/uploads\/2026\/04\/FCZ-U21-FCK05_15-04-26-12-150x100.jpg 150w, https:\/\/regese.ch\/fussball\/wp-content\/uploads\/2026\/04\/FCZ-U21-FCK05_15-04-26-12-768x512.jpg 768w, https:\/\/regese.ch\/fussball\/wp-content\/uploads\/2026\/04\/FCZ-U21-FCK05_15-04-26-12-1536x1024.jpg 1536w, https:\/\/regese.ch\/fussball\/wp-content\/uploads\/2026\/04\/FCZ-U21-FCK05_15-04-26-12-128x85.jpg 128w, https:\/\/regese.ch\/fussball\/wp-content\/uploads\/2026\/04\/FCZ-U21-FCK05_15-04-26-12-32x21.jpg 32w, https:\/\/regese.ch\/fussball\/wp-content\/uploads\/2026\/04\/FCZ-U21-FCK05_15-04-26-12.jpg 2000w\" sizes=\"auto, (max-width: 300px) 100vw, 300px\" \/><\/div><a class=\"wp-block-latest-posts__post-title\" href=\"https:\/\/regese.ch\/fussball\/fcz-u21-fck-05-meisterschaft-15-04-26\/\">FCZ U21 &#8211; FCK 05 &#8211; Meisterschaft 15-04-26<\/a><time datetime=\"2026-04-16T08:25:50+02:00\" class=\"wp-block-latest-posts__post-date\">16\/04\/2026<\/time><div class=\"wp-block-latest-posts__post-excerpt\">In dieser englischen Woche sind wir heute im Heerensch\u00fcrli in Z\u00fcrich zu Gast. Nach der Baisse holte sich der FCK im letzten Heimspiel trotz Unterzahl und nach einem R\u00fcckstand doch noch einen wichtigen Punkt gegen die U21 des FC Luzern. Wir durften gespannt sein, wie unser Team gegen die Nachwuchsequipe des &#8230; <a title=\"FCZ U21 &#8211; FCK 05 &#8211; Meisterschaft 15-04-26\" class=\"read-more\" href=\"https:\/\/regese.ch\/fussball\/fcz-u21-fck-05-meisterschaft-15-04-26\/\" aria-label=\"Read more about FCZ U21 &#8211; FCK 05 &#8211; Meisterschaft 15-04-26\">Read more<\/a><\/div><\/li>\n<li><div class=\"wp-block-latest-posts__featured-image\"><img loading=\"lazy\" decoding=\"async\" width=\"300\" height=\"200\" src=\"https:\/\/regese.ch\/fussball\/wp-content\/uploads\/2026\/04\/SCBruehl-FCK05_04-04-26-17-300x200.jpg\" class=\"attachment-medium size-medium wp-post-image\" alt=\"\" style=\"\" srcset=\"https:\/\/regese.ch\/fussball\/wp-content\/uploads\/2026\/04\/SCBruehl-FCK05_04-04-26-17-300x200.jpg 300w, https:\/\/regese.ch\/fussball\/wp-content\/uploads\/2026\/04\/SCBruehl-FCK05_04-04-26-17-150x100.jpg 150w, https:\/\/regese.ch\/fussball\/wp-content\/uploads\/2026\/04\/SCBruehl-FCK05_04-04-26-17-768x512.jpg 768w, https:\/\/regese.ch\/fussball\/wp-content\/uploads\/2026\/04\/SCBruehl-FCK05_04-04-26-17-1536x1024.jpg 1536w, https:\/\/regese.ch\/fussball\/wp-content\/uploads\/2026\/04\/SCBruehl-FCK05_04-04-26-17-128x85.jpg 128w, https:\/\/regese.ch\/fussball\/wp-content\/uploads\/2026\/04\/SCBruehl-FCK05_04-04-26-17-32x21.jpg 32w, https:\/\/regese.ch\/fussball\/wp-content\/uploads\/2026\/04\/SCBruehl-FCK05_04-04-26-17.jpg 2000w\" sizes=\"auto, (max-width: 300px) 100vw, 300px\" \/><\/div><a class=\"wp-block-latest-posts__post-title\" href=\"https:\/\/regese.ch\/fussball\/5-ostergeschenke-im-derby\/\">5 Ostergeschenke im Derby<\/a><time datetime=\"2026-04-06T07:29:41+02:00\" class=\"wp-block-latest-posts__post-date\">06\/04\/2026<\/time><div class=\"wp-block-latest-posts__post-excerpt\">SC Br\u00fchl &#8211; FCK 05 &#8211; Meisterschaft 04-04-26 It&#8217;s Derby time! Die Reise f\u00fchrte uns heute zum SC Br\u00fchl nach St. Gallen. Die Kronen stehen aktuell auf dem 2. Rang und sind in blendender Form. Auf heimischem Boden ist das Gastgeberteam zus\u00e4tzlich eine Macht. Es erwartete uns also eine anspruchsvolle Aufgabe. &#8230; <a title=\"5 Ostergeschenke im Derby\" class=\"read-more\" href=\"https:\/\/regese.ch\/fussball\/5-ostergeschenke-im-derby\/\" aria-label=\"Read more about 5 Ostergeschenke im Derby\">Read more<\/a><\/div><\/li>\n<li><div class=\"wp-block-latest-posts__featured-image\"><img loading=\"lazy\" decoding=\"async\" width=\"300\" height=\"200\" src=\"https:\/\/regese.ch\/fussball\/wp-content\/uploads\/2026\/03\/FCK05-SC-Kriens_14-03-26-33-300x200.jpg\" class=\"attachment-medium size-medium wp-post-image\" alt=\"\" style=\"\" srcset=\"https:\/\/regese.ch\/fussball\/wp-content\/uploads\/2026\/03\/FCK05-SC-Kriens_14-03-26-33-300x200.jpg 300w, https:\/\/regese.ch\/fussball\/wp-content\/uploads\/2026\/03\/FCK05-SC-Kriens_14-03-26-33-150x100.jpg 150w, https:\/\/regese.ch\/fussball\/wp-content\/uploads\/2026\/03\/FCK05-SC-Kriens_14-03-26-33-768x512.jpg 768w, https:\/\/regese.ch\/fussball\/wp-content\/uploads\/2026\/03\/FCK05-SC-Kriens_14-03-26-33-1536x1024.jpg 1536w, https:\/\/regese.ch\/fussball\/wp-content\/uploads\/2026\/03\/FCK05-SC-Kriens_14-03-26-33-128x85.jpg 128w, https:\/\/regese.ch\/fussball\/wp-content\/uploads\/2026\/03\/FCK05-SC-Kriens_14-03-26-33-32x21.jpg 32w, https:\/\/regese.ch\/fussball\/wp-content\/uploads\/2026\/03\/FCK05-SC-Kriens_14-03-26-33.jpg 2000w\" sizes=\"auto, (max-width: 300px) 100vw, 300px\" \/><\/div><a class=\"wp-block-latest-posts__post-title\" href=\"https:\/\/regese.ch\/fussball\/fck-05-sc-kriens-meisterschaft-14-03-26\/\">FCK 05 &#8211; SC Kriens &#8211; Meisterschaft 14-03-26<\/a><time datetime=\"2026-03-14T22:19:45+01:00\" class=\"wp-block-latest-posts__post-date\">14\/03\/2026<\/time><div class=\"wp-block-latest-posts__post-excerpt\">Das garstige Wetter zeigte uns einmal mehr, wie wichtig eine \u00dcberdachung f\u00fcr uns w\u00e4re. Die Mehrheit der knapp 300 Zuschauer fand kaum Platz unter den provisorischen D\u00e4chern. Heute gastierte der aktuelle Tabellenf\u00fchrer SC Kriens in der EC Technik Remu Arena. Im Hinspiel \u00fcberzeugten die Innerschweizer mit schn\u00f6rkellosem Kombinationsfussball und grosser Effizienz. &#8230; <a title=\"FCK 05 &#8211; SC Kriens &#8211; Meisterschaft 14-03-26\" class=\"read-more\" href=\"https:\/\/regese.ch\/fussball\/fck-05-sc-kriens-meisterschaft-14-03-26\/\" aria-label=\"Read more about FCK 05 &#8211; SC Kriens &#8211; Meisterschaft 14-03-26\">Read more<\/a><\/div><\/li>\n<li><div class=\"wp-block-latest-posts__featured-image\"><img loading=\"lazy\" decoding=\"async\" width=\"300\" height=\"200\" src=\"https:\/\/regese.ch\/fussball\/wp-content\/uploads\/2026\/03\/SC-Cham-FCK05_07-03-26-2-300x200.jpg\" class=\"attachment-medium size-medium wp-post-image\" alt=\"\" style=\"\" srcset=\"https:\/\/regese.ch\/fussball\/wp-content\/uploads\/2026\/03\/SC-Cham-FCK05_07-03-26-2-300x200.jpg 300w, https:\/\/regese.ch\/fussball\/wp-content\/uploads\/2026\/03\/SC-Cham-FCK05_07-03-26-2-150x100.jpg 150w, https:\/\/regese.ch\/fussball\/wp-content\/uploads\/2026\/03\/SC-Cham-FCK05_07-03-26-2-768x512.jpg 768w, https:\/\/regese.ch\/fussball\/wp-content\/uploads\/2026\/03\/SC-Cham-FCK05_07-03-26-2-1536x1024.jpg 1536w, https:\/\/regese.ch\/fussball\/wp-content\/uploads\/2026\/03\/SC-Cham-FCK05_07-03-26-2-128x85.jpg 128w, https:\/\/regese.ch\/fussball\/wp-content\/uploads\/2026\/03\/SC-Cham-FCK05_07-03-26-2-32x21.jpg 32w, https:\/\/regese.ch\/fussball\/wp-content\/uploads\/2026\/03\/SC-Cham-FCK05_07-03-26-2.jpg 2000w\" sizes=\"auto, (max-width: 300px) 100vw, 300px\" \/><\/div><a class=\"wp-block-latest-posts__post-title\" href=\"https:\/\/regese.ch\/fussball\/sc-cham-fck-05-meisterschaft-07-03-26\/\">SC Cham &#8211; FCK 05 &#8211; Meisterschaft 07-03-26<\/a><time datetime=\"2026-03-08T00:15:07+01:00\" class=\"wp-block-latest-posts__post-date\">08\/03\/2026<\/time><div class=\"wp-block-latest-posts__post-excerpt\">Am vergangenen Samstag erlitt unser FC Kreuzlingen eine bittere Niederlage. Die Bodensee-Jungs wurden mit einer 6:1 Klatsche von Grand Saconnex nach Hause geschickt. Heute ging die Reise zum SC Cham in die Innerschweiz. Das Hinspiel konnten wir mit einer starken Leistung mit 2:1 gewinnen. Herrliches Fr\u00fchlingswetter und eine tolle Choreo der &#8230; <a title=\"SC Cham &#8211; FCK 05 &#8211; Meisterschaft 07-03-26\" class=\"read-more\" href=\"https:\/\/regese.ch\/fussball\/sc-cham-fck-05-meisterschaft-07-03-26\/\" aria-label=\"Read more about SC Cham &#8211; FCK 05 &#8211; Meisterschaft 07-03-26\">Read more<\/a><\/div><\/li>\n<\/ul>\n\n<div class=\"wp-block-image\">\n<figure class=\"aligncenter size-medium\"><img loading=\"lazy\" decoding=\"async\" width=\"261\" height=\"300\" src=\"https:\/\/regese.ch\/fussball\/wp-content\/uploads\/2022\/08\/fck05_ese_qr4-261x300.png\" alt=\"\" class=\"wp-image-12979\" srcset=\"https:\/\/regese.ch\/fussball\/wp-content\/uploads\/2022\/08\/fck05_ese_qr4-261x300.png 261w, https:\/\/regese.ch\/fussball\/wp-content\/uploads\/2022\/08\/fck05_ese_qr4-1741x2000.png 1741w, https:\/\/regese.ch\/fussball\/wp-content\/uploads\/2022\/08\/fck05_ese_qr4-131x150.png 131w, https:\/\/regese.ch\/fussball\/wp-content\/uploads\/2022\/08\/fck05_ese_qr4-768x882.png 768w, https:\/\/regese.ch\/fussball\/wp-content\/uploads\/2022\/08\/fck05_ese_qr4-1337x1536.png 1337w, https:\/\/regese.ch\/fussball\/wp-content\/uploads\/2022\/08\/fck05_ese_qr4-1783x2048.png 1783w, https:\/\/regese.ch\/fussball\/wp-content\/uploads\/2022\/08\/fck05_ese_qr4-111x128.png 111w, https:\/\/regese.ch\/fussball\/wp-content\/uploads\/2022\/08\/fck05_ese_qr4-28x32.png 28w\" sizes=\"auto, (max-width: 261px) 100vw, 261px\" \/><\/figure>\n<\/div>\n\n\n<p><\/p>\n","protected":false},"excerpt":{"rendered":"<p>Amateurfussball und Fotografie sind meine Leidenschaften. In meiner Jugendzeit hat mich meine analoge Minolta XG \u00fcberall hin begleitet. Ich habe haupts\u00e4chlich Bilder von meinen Ferienreisen geschossen. Sp\u00e4ter begleitete mich meine erste Digitalkompaktkamera an die Spiele meiner beiden Jungs, immer auf der Suche nach dem packenden Schnappschuss. Heute bin ich begeisterter Fussballfotograf und besuche die meisten &#8230; <a title=\"Der Ball rollt und die Kamera klickt!\" class=\"read-more\" href=\"https:\/\/regese.ch\/fussball\/\" aria-label=\"Read more about Der Ball rollt und die Kamera klickt!\">Read more<\/a><\/p>\n","protected":false},"author":1,"featured_media":9228,"parent":0,"menu_order":0,"comment_status":"closed","ping_status":"closed","template":"","meta":{"footnotes":""},"class_list":["post-1601","page","type-page","status-publish","has-post-thumbnail"],"yoast_head":"<!-- This site is optimized with the Yoast SEO plugin v27.4 - https:\/\/yoast.com\/product\/yoast-seo-wordpress\/ -->\n<title>Fussball-Fotos (FC Kreuzlingen 05) | Fussballblicke | Erich Seeger<\/title>\n<meta name=\"description\" content=\"Fotos von Fussball-Matches des FC Kreuzlingen 05. Und viele weitere Bilder rund um Fussball. Fotograf Erich Seeger, Weinfelden\" \/>\n<meta name=\"robots\" content=\"index, follow, max-snippet:-1, max-image-preview:large, max-video-preview:-1\" \/>\n<link rel=\"canonical\" href=\"https:\/\/regese.ch\/fussball\/\" \/>\n<meta property=\"og:locale\" content=\"de_DE\" \/>\n<meta property=\"og:type\" content=\"article\" \/>\n<meta property=\"og:title\" content=\"Fussball-Fotos (FC Kreuzlingen 05) | Fussballblicke | Erich Seeger\" \/>\n<meta property=\"og:description\" content=\"Fotos von Fussball-Matches des FC Kreuzlingen 05. Und viele weitere Bilder rund um Fussball. Fotograf Erich Seeger, Weinfelden\" \/>\n<meta property=\"og:url\" content=\"https:\/\/regese.ch\/fussball\/\" \/>\n<meta property=\"og:site_name\" content=\"Fussballblicke\" \/>\n<meta property=\"article:modified_time\" content=\"2026-02-15T15:32:28+00:00\" \/>\n<meta property=\"og:image\" content=\"https:\/\/regese.ch\/fussball\/wp-content\/uploads\/2021\/09\/FCK-05-FC-RoGo_04-09-21-81.jpg\" \/>\n\t<meta property=\"og:image:width\" content=\"2000\" \/>\n\t<meta property=\"og:image:height\" content=\"1333\" \/>\n\t<meta property=\"og:image:type\" content=\"image\/jpeg\" \/>\n<meta name=\"twitter:card\" content=\"summary_large_image\" \/>\n<meta name=\"twitter:label1\" content=\"Gesch\u00e4tzte Lesezeit\" \/>\n\t<meta name=\"twitter:data1\" content=\"1\u00a0Minute\" \/>\n<script type=\"application\/ld+json\" class=\"yoast-schema-graph\">{\"@context\":\"https:\\\/\\\/schema.org\",\"@graph\":[{\"@type\":\"WebPage\",\"@id\":\"https:\\\/\\\/regese.ch\\\/fussball\\\/\",\"url\":\"https:\\\/\\\/regese.ch\\\/fussball\\\/\",\"name\":\"Fussball-Fotos (FC Kreuzlingen 05) | Fussballblicke | Erich Seeger\",\"isPartOf\":{\"@id\":\"https:\\\/\\\/regese.ch\\\/fussball\\\/#website\"},\"primaryImageOfPage\":{\"@id\":\"https:\\\/\\\/regese.ch\\\/fussball\\\/#primaryimage\"},\"image\":{\"@id\":\"https:\\\/\\\/regese.ch\\\/fussball\\\/#primaryimage\"},\"thumbnailUrl\":\"https:\\\/\\\/regese.ch\\\/fussball\\\/wp-content\\\/uploads\\\/2021\\\/09\\\/FCK-05-FC-RoGo_04-09-21-81.jpg\",\"datePublished\":\"2020-05-02T22:03:00+00:00\",\"dateModified\":\"2026-02-15T15:32:28+00:00\",\"description\":\"Fotos von Fussball-Matches des FC Kreuzlingen 05. Und viele weitere Bilder rund um Fussball. Fotograf Erich Seeger, Weinfelden\",\"breadcrumb\":{\"@id\":\"https:\\\/\\\/regese.ch\\\/fussball\\\/#breadcrumb\"},\"inLanguage\":\"de-CH\",\"potentialAction\":[{\"@type\":\"ReadAction\",\"target\":[\"https:\\\/\\\/regese.ch\\\/fussball\\\/\"]}]},{\"@type\":\"ImageObject\",\"inLanguage\":\"de-CH\",\"@id\":\"https:\\\/\\\/regese.ch\\\/fussball\\\/#primaryimage\",\"url\":\"https:\\\/\\\/regese.ch\\\/fussball\\\/wp-content\\\/uploads\\\/2021\\\/09\\\/FCK-05-FC-RoGo_04-09-21-81.jpg\",\"contentUrl\":\"https:\\\/\\\/regese.ch\\\/fussball\\\/wp-content\\\/uploads\\\/2021\\\/09\\\/FCK-05-FC-RoGo_04-09-21-81.jpg\",\"width\":2000,\"height\":1333},{\"@type\":\"BreadcrumbList\",\"@id\":\"https:\\\/\\\/regese.ch\\\/fussball\\\/#breadcrumb\",\"itemListElement\":[{\"@type\":\"ListItem\",\"position\":1,\"name\":\"Home\",\"item\":\"https:\\\/\\\/regese.ch\\\/fussball\\\/\"},{\"@type\":\"ListItem\",\"position\":2,\"name\":\"Der Ball rollt und die Kamera klickt!\"}]},{\"@type\":\"WebSite\",\"@id\":\"https:\\\/\\\/regese.ch\\\/fussball\\\/#website\",\"url\":\"https:\\\/\\\/regese.ch\\\/fussball\\\/\",\"name\":\"Fussballblicke | Fussballbilder vom FC Kreuzlingen. Und mehr\",\"description\":\"\",\"publisher\":{\"@id\":\"https:\\\/\\\/regese.ch\\\/fussball\\\/#\\\/schema\\\/person\\\/ddd2578315ccba2ed485145ed081d710\"},\"alternateName\":\"Fussballbilder FC Kreuzlingen\",\"potentialAction\":[{\"@type\":\"SearchAction\",\"target\":{\"@type\":\"EntryPoint\",\"urlTemplate\":\"https:\\\/\\\/regese.ch\\\/fussball\\\/?s={search_term_string}\"},\"query-input\":{\"@type\":\"PropertyValueSpecification\",\"valueRequired\":true,\"valueName\":\"search_term_string\"}}],\"inLanguage\":\"de-CH\"},{\"@type\":[\"Person\",\"Organization\"],\"@id\":\"https:\\\/\\\/regese.ch\\\/fussball\\\/#\\\/schema\\\/person\\\/ddd2578315ccba2ed485145ed081d710\",\"name\":\"admin\",\"image\":{\"@type\":\"ImageObject\",\"inLanguage\":\"de-CH\",\"@id\":\"https:\\\/\\\/regese.ch\\\/fussball\\\/wp-content\\\/uploads\\\/2022\\\/03\\\/cropped-AdobeStock_294761021-fUSSBALLBLICK-Breit.png\",\"url\":\"https:\\\/\\\/regese.ch\\\/fussball\\\/wp-content\\\/uploads\\\/2022\\\/03\\\/cropped-AdobeStock_294761021-fUSSBALLBLICK-Breit.png\",\"contentUrl\":\"https:\\\/\\\/regese.ch\\\/fussball\\\/wp-content\\\/uploads\\\/2022\\\/03\\\/cropped-AdobeStock_294761021-fUSSBALLBLICK-Breit.png\",\"width\":1500,\"height\":300,\"caption\":\"admin\"},\"logo\":{\"@id\":\"https:\\\/\\\/regese.ch\\\/fussball\\\/wp-content\\\/uploads\\\/2022\\\/03\\\/cropped-AdobeStock_294761021-fUSSBALLBLICK-Breit.png\"},\"sameAs\":[\"instagram.com\\\/fck05_ese\"]}]}<\/script>\n<!-- \/ Yoast SEO plugin. -->","yoast_head_json":{"title":"Fussball-Fotos (FC Kreuzlingen 05) | Fussballblicke | Erich Seeger","description":"Fotos von Fussball-Matches des FC Kreuzlingen 05. Und viele weitere Bilder rund um Fussball. Fotograf Erich Seeger, Weinfelden","robots":{"index":"index","follow":"follow","max-snippet":"max-snippet:-1","max-image-preview":"max-image-preview:large","max-video-preview":"max-video-preview:-1"},"canonical":"https:\/\/regese.ch\/fussball\/","og_locale":"de_DE","og_type":"article","og_title":"Fussball-Fotos (FC Kreuzlingen 05) | Fussballblicke | Erich Seeger","og_description":"Fotos von Fussball-Matches des FC Kreuzlingen 05. Und viele weitere Bilder rund um Fussball. Fotograf Erich Seeger, Weinfelden","og_url":"https:\/\/regese.ch\/fussball\/","og_site_name":"Fussballblicke","article_modified_time":"2026-02-15T15:32:28+00:00","og_image":[{"width":2000,"height":1333,"url":"https:\/\/regese.ch\/fussball\/wp-content\/uploads\/2021\/09\/FCK-05-FC-RoGo_04-09-21-81.jpg","type":"image\/jpeg"}],"twitter_card":"summary_large_image","twitter_misc":{"Gesch\u00e4tzte Lesezeit":"1\u00a0Minute"},"schema":{"@context":"https:\/\/schema.org","@graph":[{"@type":"WebPage","@id":"https:\/\/regese.ch\/fussball\/","url":"https:\/\/regese.ch\/fussball\/","name":"Fussball-Fotos (FC Kreuzlingen 05) | Fussballblicke | Erich Seeger","isPartOf":{"@id":"https:\/\/regese.ch\/fussball\/#website"},"primaryImageOfPage":{"@id":"https:\/\/regese.ch\/fussball\/#primaryimage"},"image":{"@id":"https:\/\/regese.ch\/fussball\/#primaryimage"},"thumbnailUrl":"https:\/\/regese.ch\/fussball\/wp-content\/uploads\/2021\/09\/FCK-05-FC-RoGo_04-09-21-81.jpg","datePublished":"2020-05-02T22:03:00+00:00","dateModified":"2026-02-15T15:32:28+00:00","description":"Fotos von Fussball-Matches des FC Kreuzlingen 05. Und viele weitere Bilder rund um Fussball. Fotograf Erich Seeger, Weinfelden","breadcrumb":{"@id":"https:\/\/regese.ch\/fussball\/#breadcrumb"},"inLanguage":"de-CH","potentialAction":[{"@type":"ReadAction","target":["https:\/\/regese.ch\/fussball\/"]}]},{"@type":"ImageObject","inLanguage":"de-CH","@id":"https:\/\/regese.ch\/fussball\/#primaryimage","url":"https:\/\/regese.ch\/fussball\/wp-content\/uploads\/2021\/09\/FCK-05-FC-RoGo_04-09-21-81.jpg","contentUrl":"https:\/\/regese.ch\/fussball\/wp-content\/uploads\/2021\/09\/FCK-05-FC-RoGo_04-09-21-81.jpg","width":2000,"height":1333},{"@type":"BreadcrumbList","@id":"https:\/\/regese.ch\/fussball\/#breadcrumb","itemListElement":[{"@type":"ListItem","position":1,"name":"Home","item":"https:\/\/regese.ch\/fussball\/"},{"@type":"ListItem","position":2,"name":"Der Ball rollt und die Kamera klickt!"}]},{"@type":"WebSite","@id":"https:\/\/regese.ch\/fussball\/#website","url":"https:\/\/regese.ch\/fussball\/","name":"Fussballblicke | Fussballbilder vom FC Kreuzlingen. Und mehr","description":"","publisher":{"@id":"https:\/\/regese.ch\/fussball\/#\/schema\/person\/ddd2578315ccba2ed485145ed081d710"},"alternateName":"Fussballbilder FC Kreuzlingen","potentialAction":[{"@type":"SearchAction","target":{"@type":"EntryPoint","urlTemplate":"https:\/\/regese.ch\/fussball\/?s={search_term_string}"},"query-input":{"@type":"PropertyValueSpecification","valueRequired":true,"valueName":"search_term_string"}}],"inLanguage":"de-CH"},{"@type":["Person","Organization"],"@id":"https:\/\/regese.ch\/fussball\/#\/schema\/person\/ddd2578315ccba2ed485145ed081d710","name":"admin","image":{"@type":"ImageObject","inLanguage":"de-CH","@id":"https:\/\/regese.ch\/fussball\/wp-content\/uploads\/2022\/03\/cropped-AdobeStock_294761021-fUSSBALLBLICK-Breit.png","url":"https:\/\/regese.ch\/fussball\/wp-content\/uploads\/2022\/03\/cropped-AdobeStock_294761021-fUSSBALLBLICK-Breit.png","contentUrl":"https:\/\/regese.ch\/fussball\/wp-content\/uploads\/2022\/03\/cropped-AdobeStock_294761021-fUSSBALLBLICK-Breit.png","width":1500,"height":300,"caption":"admin"},"logo":{"@id":"https:\/\/regese.ch\/fussball\/wp-content\/uploads\/2022\/03\/cropped-AdobeStock_294761021-fUSSBALLBLICK-Breit.png"},"sameAs":["instagram.com\/fck05_ese"]}]}},"_links":{"self":[{"href":"https:\/\/regese.ch\/fussball\/wp-json\/wp\/v2\/pages\/1601","targetHints":{"allow":["GET"]}}],"collection":[{"href":"https:\/\/regese.ch\/fussball\/wp-json\/wp\/v2\/pages"}],"about":[{"href":"https:\/\/regese.ch\/fussball\/wp-json\/wp\/v2\/types\/page"}],"author":[{"embeddable":true,"href":"https:\/\/regese.ch\/fussball\/wp-json\/wp\/v2\/users\/1"}],"replies":[{"embeddable":true,"href":"https:\/\/regese.ch\/fussball\/wp-json\/wp\/v2\/comments?post=1601"}],"version-history":[{"count":22,"href":"https:\/\/regese.ch\/fussball\/wp-json\/wp\/v2\/pages\/1601\/revisions"}],"predecessor-version":[{"id":21500,"href":"https:\/\/regese.ch\/fussball\/wp-json\/wp\/v2\/pages\/1601\/revisions\/21500"}],"wp:featuredmedia":[{"embeddable":true,"href":"https:\/\/regese.ch\/fussball\/wp-json\/wp\/v2\/media\/9228"}],"wp:attachment":[{"href":"https:\/\/regese.ch\/fussball\/wp-json\/wp\/v2\/media?parent=1601"}],"curies":[{"name":"wp","href":"https:\/\/api.w.org\/{rel}","templated":true}]}}