{"id":11024,"date":"2022-03-14T21:34:52","date_gmt":"2022-03-14T20:34:52","guid":{"rendered":"https:\/\/regese.ch\/fussball\/?page_id=11024"},"modified":"2025-08-04T17:21:07","modified_gmt":"2025-08-04T15:21:07","slug":"fc-kreuzlingen-05","status":"publish","type":"page","link":"https:\/\/regese.ch\/fussball\/fc-kreuzlingen-05\/","title":{"rendered":"FC Kreuzlingen 05"},"content":{"rendered":"\n<p>Seit mehr als sieben Jahren besuche ich regelm\u00e4ssig die Spiele des FC Kreuzlingen 05 und schiesse Bilder, die ich dem Klub und den Spielern zur Verf\u00fcgung stelle. Nachdem sich der FCK 05 als Gruppensieger der 1. Liga Classic Grp. 3 f\u00fcr die Aufstiegsspiele qualitfiziert hatte, gelang diesem Amateurverein eine kleinere Sensation. Alle vier Finalspiele konnten gewonnen werden und der Aufstieg in die Promotion League war der Lohn daf\u00fcr. Wir sind damit in der Ostschweiz zusammen mit dem SC Br\u00fchl die einzigen Fussballvereine, die in der dritth\u00f6chsten Liga spielen.  Der FCK 05 setzt auf Kontinuit\u00e4t und baut bewusst junge Talente aus der Bodenseeregion in die 1. Mannschaft ein.<\/p>\n\n\n\n<figure class=\"wp-block-image size-full\"><img loading=\"lazy\" decoding=\"async\" width=\"2000\" height=\"1333\" src=\"https:\/\/regese.ch\/fussball\/wp-content\/uploads\/2025\/06\/FCK05-GCU21_07-06-25-106.jpg\" alt=\"\" class=\"wp-image-20941\" srcset=\"https:\/\/regese.ch\/fussball\/wp-content\/uploads\/2025\/06\/FCK05-GCU21_07-06-25-106.jpg 2000w, https:\/\/regese.ch\/fussball\/wp-content\/uploads\/2025\/06\/FCK05-GCU21_07-06-25-106-300x200.jpg 300w, https:\/\/regese.ch\/fussball\/wp-content\/uploads\/2025\/06\/FCK05-GCU21_07-06-25-106-150x100.jpg 150w, https:\/\/regese.ch\/fussball\/wp-content\/uploads\/2025\/06\/FCK05-GCU21_07-06-25-106-768x512.jpg 768w, https:\/\/regese.ch\/fussball\/wp-content\/uploads\/2025\/06\/FCK05-GCU21_07-06-25-106-1536x1024.jpg 1536w, https:\/\/regese.ch\/fussball\/wp-content\/uploads\/2025\/06\/FCK05-GCU21_07-06-25-106-128x85.jpg 128w, https:\/\/regese.ch\/fussball\/wp-content\/uploads\/2025\/06\/FCK05-GCU21_07-06-25-106-32x21.jpg 32w\" sizes=\"auto, (max-width: 2000px) 100vw, 2000px\" \/><\/figure>\n\n\n\n<p>Unser FCK 05 darf bei allen Spielen auf eine sehr treue Fangemeinschaft z\u00e4hlen. Besonders zu erw\u00e4hnen ist auch der <a href=\"https:\/\/www.hafetschutter.ch\/\" target=\"_blank\" rel=\"noreferrer noopener\">Hafetschutter-Verein<\/a> unter der F\u00fchrung von Daniel Kessler. Er ist der Vater des Matchprogramms, das bei jedem Heimspiel mit vielen interessanten Informationen den Zuschauern verteilt wird. Dani recherchiert die Geschichte des FCK 05, organisiert fussballkulturelle Anl\u00e4sse und ist f\u00fcr den lesenswerten Hafetschutter-Blog verantwortlich.<\/p>\n\n\n\n<p>Der <a href=\"https:\/\/regese.ch\/fussball\/fck-05-family-day\/\" target=\"_blank\" rel=\"noreferrer noopener\">FCK-Family-Day<\/a> bringt alle aktiven SpielerInnen an einem Plauschturnier zusammen und f\u00f6rdert den Zusammenhalt.<\/p>\n\n\n<div class=\"wp-block-post-views-counter-post-views\"><div class=\"post-views content-post post-11024 entry-meta load-static\">\r\n\t\t\t\t<span class=\"post-views-icon dashicons dashicons-chart-bar\"><\/span> <span class=\"post-views-label\">Post Views:<\/span> <span class=\"post-views-count\">20<\/span>\r\n\t\t\t<\/div><\/div>","protected":false},"excerpt":{"rendered":"<p>Seit mehr als sieben Jahren besuche ich regelm\u00e4ssig die Spiele des FC Kreuzlingen 05 und schiesse Bilder, die ich dem Klub und den Spielern zur Verf\u00fcgung stelle. Nachdem sich der FCK 05 als Gruppensieger der 1. Liga Classic Grp. 3 f\u00fcr die Aufstiegsspiele qualitfiziert hatte, gelang diesem Amateurverein eine kleinere Sensation. Alle vier Finalspiele konnten &#8230; <a title=\"FC Kreuzlingen 05\" class=\"read-more\" href=\"https:\/\/regese.ch\/fussball\/fc-kreuzlingen-05\/\" aria-label=\"Read more about FC Kreuzlingen 05\">Read more<\/a><\/p>\n","protected":false},"author":1,"featured_media":8006,"parent":0,"menu_order":0,"comment_status":"closed","ping_status":"closed","template":"","meta":{"footnotes":""},"class_list":["post-11024","page","type-page","status-publish","has-post-thumbnail"],"yoast_head":"<!-- This site is optimized with the Yoast SEO plugin v27.4 - https:\/\/yoast.com\/product\/yoast-seo-wordpress\/ -->\n<title>FC Kreuzlingen 05 | Fussballblicke | Erich Seeger<\/title>\n<meta name=\"robots\" content=\"index, follow, max-snippet:-1, max-image-preview:large, max-video-preview:-1\" \/>\n<link rel=\"canonical\" href=\"https:\/\/regese.ch\/fussball\/fc-kreuzlingen-05\/\" \/>\n<meta property=\"og:locale\" content=\"de_DE\" \/>\n<meta property=\"og:type\" content=\"article\" \/>\n<meta property=\"og:title\" content=\"FC Kreuzlingen 05 | Fussballblicke | Erich Seeger\" \/>\n<meta property=\"og:description\" content=\"Seit mehr als sieben Jahren besuche ich regelm\u00e4ssig die Spiele des FC Kreuzlingen 05 und schiesse Bilder, die ich dem Klub und den Spielern zur Verf\u00fcgung stelle. Nachdem sich der FCK 05 als Gruppensieger der 1. Liga Classic Grp. 3 f\u00fcr die Aufstiegsspiele qualitfiziert hatte, gelang diesem Amateurverein eine kleinere Sensation. Alle vier Finalspiele konnten ... Read more\" \/>\n<meta property=\"og:url\" content=\"https:\/\/regese.ch\/fussball\/fc-kreuzlingen-05\/\" \/>\n<meta property=\"og:site_name\" content=\"Fussballblicke\" \/>\n<meta property=\"article:modified_time\" content=\"2025-08-04T15:21:07+00:00\" \/>\n<meta property=\"og:image\" content=\"https:\/\/regese.ch\/fussball\/wp-content\/uploads\/2021\/06\/FCK05-FC08V_VB-06-21-51.jpg\" \/>\n\t<meta property=\"og:image:width\" content=\"2400\" \/>\n\t<meta property=\"og:image:height\" content=\"1600\" \/>\n\t<meta property=\"og:image:type\" content=\"image\/jpeg\" \/>\n<meta name=\"twitter:card\" content=\"summary_large_image\" \/>\n<meta name=\"twitter:label1\" content=\"Gesch\u00e4tzte Lesezeit\" \/>\n\t<meta name=\"twitter:data1\" content=\"2\u00a0Minuten\" \/>\n<script type=\"application\/ld+json\" class=\"yoast-schema-graph\">{\"@context\":\"https:\\\/\\\/schema.org\",\"@graph\":[{\"@type\":\"WebPage\",\"@id\":\"https:\\\/\\\/regese.ch\\\/fussball\\\/fc-kreuzlingen-05\\\/\",\"url\":\"https:\\\/\\\/regese.ch\\\/fussball\\\/fc-kreuzlingen-05\\\/\",\"name\":\"FC Kreuzlingen 05 | Fussballblicke | Erich Seeger\",\"isPartOf\":{\"@id\":\"https:\\\/\\\/regese.ch\\\/fussball\\\/#website\"},\"primaryImageOfPage\":{\"@id\":\"https:\\\/\\\/regese.ch\\\/fussball\\\/fc-kreuzlingen-05\\\/#primaryimage\"},\"image\":{\"@id\":\"https:\\\/\\\/regese.ch\\\/fussball\\\/fc-kreuzlingen-05\\\/#primaryimage\"},\"thumbnailUrl\":\"https:\\\/\\\/regese.ch\\\/fussball\\\/wp-content\\\/uploads\\\/2021\\\/06\\\/FCK05-FC08V_VB-06-21-51.jpg\",\"datePublished\":\"2022-03-14T20:34:52+00:00\",\"dateModified\":\"2025-08-04T15:21:07+00:00\",\"breadcrumb\":{\"@id\":\"https:\\\/\\\/regese.ch\\\/fussball\\\/fc-kreuzlingen-05\\\/#breadcrumb\"},\"inLanguage\":\"de-CH\",\"potentialAction\":[{\"@type\":\"ReadAction\",\"target\":[\"https:\\\/\\\/regese.ch\\\/fussball\\\/fc-kreuzlingen-05\\\/\"]}]},{\"@type\":\"ImageObject\",\"inLanguage\":\"de-CH\",\"@id\":\"https:\\\/\\\/regese.ch\\\/fussball\\\/fc-kreuzlingen-05\\\/#primaryimage\",\"url\":\"https:\\\/\\\/regese.ch\\\/fussball\\\/wp-content\\\/uploads\\\/2021\\\/06\\\/FCK05-FC08V_VB-06-21-51.jpg\",\"contentUrl\":\"https:\\\/\\\/regese.ch\\\/fussball\\\/wp-content\\\/uploads\\\/2021\\\/06\\\/FCK05-FC08V_VB-06-21-51.jpg\",\"width\":2400,\"height\":1600},{\"@type\":\"BreadcrumbList\",\"@id\":\"https:\\\/\\\/regese.ch\\\/fussball\\\/fc-kreuzlingen-05\\\/#breadcrumb\",\"itemListElement\":[{\"@type\":\"ListItem\",\"position\":1,\"name\":\"Home\",\"item\":\"https:\\\/\\\/regese.ch\\\/fussball\\\/\"},{\"@type\":\"ListItem\",\"position\":2,\"name\":\"FC Kreuzlingen 05\"}]},{\"@type\":\"WebSite\",\"@id\":\"https:\\\/\\\/regese.ch\\\/fussball\\\/#website\",\"url\":\"https:\\\/\\\/regese.ch\\\/fussball\\\/\",\"name\":\"Fussballblicke | Fussballbilder vom FC Kreuzlingen. Und mehr\",\"description\":\"\",\"publisher\":{\"@id\":\"https:\\\/\\\/regese.ch\\\/fussball\\\/#\\\/schema\\\/person\\\/ddd2578315ccba2ed485145ed081d710\"},\"alternateName\":\"Fussballbilder FC Kreuzlingen\",\"potentialAction\":[{\"@type\":\"SearchAction\",\"target\":{\"@type\":\"EntryPoint\",\"urlTemplate\":\"https:\\\/\\\/regese.ch\\\/fussball\\\/?s={search_term_string}\"},\"query-input\":{\"@type\":\"PropertyValueSpecification\",\"valueRequired\":true,\"valueName\":\"search_term_string\"}}],\"inLanguage\":\"de-CH\"},{\"@type\":[\"Person\",\"Organization\"],\"@id\":\"https:\\\/\\\/regese.ch\\\/fussball\\\/#\\\/schema\\\/person\\\/ddd2578315ccba2ed485145ed081d710\",\"name\":\"admin\",\"image\":{\"@type\":\"ImageObject\",\"inLanguage\":\"de-CH\",\"@id\":\"https:\\\/\\\/regese.ch\\\/fussball\\\/wp-content\\\/uploads\\\/2022\\\/03\\\/cropped-AdobeStock_294761021-fUSSBALLBLICK-Breit.png\",\"url\":\"https:\\\/\\\/regese.ch\\\/fussball\\\/wp-content\\\/uploads\\\/2022\\\/03\\\/cropped-AdobeStock_294761021-fUSSBALLBLICK-Breit.png\",\"contentUrl\":\"https:\\\/\\\/regese.ch\\\/fussball\\\/wp-content\\\/uploads\\\/2022\\\/03\\\/cropped-AdobeStock_294761021-fUSSBALLBLICK-Breit.png\",\"width\":1500,\"height\":300,\"caption\":\"admin\"},\"logo\":{\"@id\":\"https:\\\/\\\/regese.ch\\\/fussball\\\/wp-content\\\/uploads\\\/2022\\\/03\\\/cropped-AdobeStock_294761021-fUSSBALLBLICK-Breit.png\"},\"sameAs\":[\"instagram.com\\\/fck05_ese\"]}]}<\/script>\n<!-- \/ Yoast SEO plugin. -->","yoast_head_json":{"title":"FC Kreuzlingen 05 | Fussballblicke | Erich Seeger","robots":{"index":"index","follow":"follow","max-snippet":"max-snippet:-1","max-image-preview":"max-image-preview:large","max-video-preview":"max-video-preview:-1"},"canonical":"https:\/\/regese.ch\/fussball\/fc-kreuzlingen-05\/","og_locale":"de_DE","og_type":"article","og_title":"FC Kreuzlingen 05 | Fussballblicke | Erich Seeger","og_description":"Seit mehr als sieben Jahren besuche ich regelm\u00e4ssig die Spiele des FC Kreuzlingen 05 und schiesse Bilder, die ich dem Klub und den Spielern zur Verf\u00fcgung stelle. Nachdem sich der FCK 05 als Gruppensieger der 1. Liga Classic Grp. 3 f\u00fcr die Aufstiegsspiele qualitfiziert hatte, gelang diesem Amateurverein eine kleinere Sensation. Alle vier Finalspiele konnten ... Read more","og_url":"https:\/\/regese.ch\/fussball\/fc-kreuzlingen-05\/","og_site_name":"Fussballblicke","article_modified_time":"2025-08-04T15:21:07+00:00","og_image":[{"width":2400,"height":1600,"url":"https:\/\/regese.ch\/fussball\/wp-content\/uploads\/2021\/06\/FCK05-FC08V_VB-06-21-51.jpg","type":"image\/jpeg"}],"twitter_card":"summary_large_image","twitter_misc":{"Gesch\u00e4tzte Lesezeit":"2\u00a0Minuten"},"schema":{"@context":"https:\/\/schema.org","@graph":[{"@type":"WebPage","@id":"https:\/\/regese.ch\/fussball\/fc-kreuzlingen-05\/","url":"https:\/\/regese.ch\/fussball\/fc-kreuzlingen-05\/","name":"FC Kreuzlingen 05 | Fussballblicke | Erich Seeger","isPartOf":{"@id":"https:\/\/regese.ch\/fussball\/#website"},"primaryImageOfPage":{"@id":"https:\/\/regese.ch\/fussball\/fc-kreuzlingen-05\/#primaryimage"},"image":{"@id":"https:\/\/regese.ch\/fussball\/fc-kreuzlingen-05\/#primaryimage"},"thumbnailUrl":"https:\/\/regese.ch\/fussball\/wp-content\/uploads\/2021\/06\/FCK05-FC08V_VB-06-21-51.jpg","datePublished":"2022-03-14T20:34:52+00:00","dateModified":"2025-08-04T15:21:07+00:00","breadcrumb":{"@id":"https:\/\/regese.ch\/fussball\/fc-kreuzlingen-05\/#breadcrumb"},"inLanguage":"de-CH","potentialAction":[{"@type":"ReadAction","target":["https:\/\/regese.ch\/fussball\/fc-kreuzlingen-05\/"]}]},{"@type":"ImageObject","inLanguage":"de-CH","@id":"https:\/\/regese.ch\/fussball\/fc-kreuzlingen-05\/#primaryimage","url":"https:\/\/regese.ch\/fussball\/wp-content\/uploads\/2021\/06\/FCK05-FC08V_VB-06-21-51.jpg","contentUrl":"https:\/\/regese.ch\/fussball\/wp-content\/uploads\/2021\/06\/FCK05-FC08V_VB-06-21-51.jpg","width":2400,"height":1600},{"@type":"BreadcrumbList","@id":"https:\/\/regese.ch\/fussball\/fc-kreuzlingen-05\/#breadcrumb","itemListElement":[{"@type":"ListItem","position":1,"name":"Home","item":"https:\/\/regese.ch\/fussball\/"},{"@type":"ListItem","position":2,"name":"FC Kreuzlingen 05"}]},{"@type":"WebSite","@id":"https:\/\/regese.ch\/fussball\/#website","url":"https:\/\/regese.ch\/fussball\/","name":"Fussballblicke | Fussballbilder vom FC Kreuzlingen. Und mehr","description":"","publisher":{"@id":"https:\/\/regese.ch\/fussball\/#\/schema\/person\/ddd2578315ccba2ed485145ed081d710"},"alternateName":"Fussballbilder FC Kreuzlingen","potentialAction":[{"@type":"SearchAction","target":{"@type":"EntryPoint","urlTemplate":"https:\/\/regese.ch\/fussball\/?s={search_term_string}"},"query-input":{"@type":"PropertyValueSpecification","valueRequired":true,"valueName":"search_term_string"}}],"inLanguage":"de-CH"},{"@type":["Person","Organization"],"@id":"https:\/\/regese.ch\/fussball\/#\/schema\/person\/ddd2578315ccba2ed485145ed081d710","name":"admin","image":{"@type":"ImageObject","inLanguage":"de-CH","@id":"https:\/\/regese.ch\/fussball\/wp-content\/uploads\/2022\/03\/cropped-AdobeStock_294761021-fUSSBALLBLICK-Breit.png","url":"https:\/\/regese.ch\/fussball\/wp-content\/uploads\/2022\/03\/cropped-AdobeStock_294761021-fUSSBALLBLICK-Breit.png","contentUrl":"https:\/\/regese.ch\/fussball\/wp-content\/uploads\/2022\/03\/cropped-AdobeStock_294761021-fUSSBALLBLICK-Breit.png","width":1500,"height":300,"caption":"admin"},"logo":{"@id":"https:\/\/regese.ch\/fussball\/wp-content\/uploads\/2022\/03\/cropped-AdobeStock_294761021-fUSSBALLBLICK-Breit.png"},"sameAs":["instagram.com\/fck05_ese"]}]}},"_links":{"self":[{"href":"https:\/\/regese.ch\/fussball\/wp-json\/wp\/v2\/pages\/11024","targetHints":{"allow":["GET"]}}],"collection":[{"href":"https:\/\/regese.ch\/fussball\/wp-json\/wp\/v2\/pages"}],"about":[{"href":"https:\/\/regese.ch\/fussball\/wp-json\/wp\/v2\/types\/page"}],"author":[{"embeddable":true,"href":"https:\/\/regese.ch\/fussball\/wp-json\/wp\/v2\/users\/1"}],"replies":[{"embeddable":true,"href":"https:\/\/regese.ch\/fussball\/wp-json\/wp\/v2\/comments?post=11024"}],"version-history":[{"count":15,"href":"https:\/\/regese.ch\/fussball\/wp-json\/wp\/v2\/pages\/11024\/revisions"}],"predecessor-version":[{"id":21432,"href":"https:\/\/regese.ch\/fussball\/wp-json\/wp\/v2\/pages\/11024\/revisions\/21432"}],"wp:featuredmedia":[{"embeddable":true,"href":"https:\/\/regese.ch\/fussball\/wp-json\/wp\/v2\/media\/8006"}],"wp:attachment":[{"href":"https:\/\/regese.ch\/fussball\/wp-json\/wp\/v2\/media?parent=11024"}],"curies":[{"name":"wp","href":"https:\/\/api.w.org\/{rel}","templated":true}]}}